se 7, what is -410 - -2541516?
2541106
In base 2, what is -100110100100011 + -1001011?
-100110101101110
In base 10, what is -11930548 - 2?
-11930550
In base 8, what is 71 - -10236721?
10237012
In base 2, what is 1000111000 + 110110100111100?
110111101110100
In base 9, what is -75346 + 1877?
-73358
In base 5, what is 4 - -2132104331?
2132104340
In base 15, what is -12 - 64842?
-64854
In base 6, what is 24220505234 + -5?
24220505225
In base 15, what is -58 - -197508?
1974a0
In base 8, what is 5613 + 771?
6604
In base 9, what is -258 - 87146?
-87415
In base 5, what is 143 - -233413301?
233413444
In base 12, what is -11 + -1184600?
-1184611
In base 16, what is 0 + -20bcdc?
-20bcdc
In base 8, what is 13005 + -1125?
11660
In base 6, what is 22552 - 1131?
21421
In base 4, what is -11 + 1022010222310?
1022010222233
In base 16, what is -3c891 - 312?
-3cba3
In base 7, what is -1 + 1343511022?
1343511021
In base 5, what is -1041232403414 + -2?
-1041232403421
In base 8, what is -272345 + -244?
-272611
In base 15, what is 6 + 2cb67?
2cb6d
In base 13, what is -145c + 479?
-cb3
In base 14, what is 5b14 + 1aa?
5cc0
In base 11, what is 47 + -321216?
-32117a
In base 14, what is -5d63 + 2614b?
201c8
In base 4, what is 12131 + 2121312123?
2121330320
In base 11, what is 6488 - -5144?
10621
In base 16, what is -15e42e + 33?
-15e3fb
In base 6, what is -1001023043 + 1?
-1001023042
In base 2, what is -10101100010011 + -100101100?
-10110000111111
In base 13, what is 369790b + -2?
3697909
In base 7, what is 3 - -3102125450?
3102125453
In base 2, what is 1100010010001101110100 + 101010?
1100010010001110011110
In base 10, what is 4 + -10349782?
-10349778
In base 8, what is -5 - -531677137?
531677132
In base 6, what is -53121 - 1401020?
-1454141
In base 6, what is 2 + -10525143?
-10525141
In base 14, what is -4 - 374d32a?
-374d330
In base 14, what is -628a3 - 38?
-628db
In base 16, what is 6 - 3b5650?
-3b564a
In base 5, what is -204 + -1230030414?
-1230031123
In base 9, what is 1418 - -51128?
52547
In base 8, what is -145707 + -724?
-146633
In base 9, what is -54721086 - -5?
-54721081
In base 16, what is -37 + 2d2543?
2d250c
In base 5, what is -12313 - 313303?
-331121
In base 9, what is 22684 - 155482?
-132687
In base 15, what is b0eedd0 - -5?
b0eedd5
In base 9, what is -10 + 6807176?
6807166
In base 6, what is 0 - -330335553?
330335553
In base 15, what is -10d - 10e9e?
-110ac
In base 11, what is 82764aa36 + 3?
82764aa39
In base 14, what is 6 - 3dc6d4?
-3dc6cc
In base 12, what is -3a + 2087a?
20840
In base 14, what is 4 + 213125d?
2131263
In base 14, what is 0 - -956c06?
956c06
In base 15, what is 712 - 25180?
-2496d
In base 13, what is 2 + aab3c0?
aab3c2
In base 6, what is 23555533 - -1031?
24001004
In base 10, what is -5877911 - -28?
-5877883
In base 15, what is 6e + -238973?
-238904
In base 14, what is 1396 + 1014?
23aa
In base 7, what is 3 - -111151630?
111151633
In base 5, what is -1231 - -2000444?
1444213
In base 14, what is -b8 + 17511d?
175045
In base 7, what is 1221425 + -2?
1221423
In base 2, what is 1001101000000001101010 - 11?
1001101000000001100111
In base 14, what is -1a64 - 25d5?
-4259
In base 8, what is -103275 - 6256?
-111553
In base 4, what is 210 + 1212013?
1212223
In base 5, what is 33 - -1032102041?
1032102124
In base 9, what is 4 - -25113840?
25113844
In base 16, what is 134f + e7?
1436
In base 14, what is 1937 - 14ba7?
-13270
In base 4, what is -100003110 + 13?
-100003031
In base 16, what is -d8d222 + -5?
-d8d227
In base 12, what is -9091193 - 1?
-9091194
In base 7, what is -30 - 5130362?
-5130422
In base 15, what is a5b + 1c671?
1d1cc
In base 15, what is 1a40c7 - -2?
1a40c9
In base 7, what is 562216126 + 5?
562216134
In base 10, what is -1699 - -30594?
28895
In base 2, what is -110000010011100 - -110100000111?
-101001110010101
In base 8, what is 6625 + 60264?
67111
In base 8, what is 16621300 - -5?
16621305
In base 13, what is 1a17 - 47a1?
-2a87
In base 16, what is 7 + -b6c16a?
-b6c163
In base 6, what is -125141 - -2513?
-122224
In base 11, what is -18 + -4a18552?
-4a1856a
In base 16, what is -3797271 - -7?
-379726a
In base 6, what is -114 - 423223400?
-423223514
In base 12, what is b5b + -120557?
-11b5b8
In base 5, what is -4 - -412210303?
412210244
In base 5, what is 0 + 111424004043?
111424004043
In base 12, what is -4b3 - 4b2396?
-4b2889
In base 10, what is -1031 - 21487?
-22518
In base 2, what is 11000010110101110011 - -1100100?
11000010110111010111
In base 9, what is 113345842 - -1?
113345843
In base 5, what is -13 + -11032230311?
-11032230324
In base 10, what is -843 + -70595?
-71438
In base 13, what is 3c95c5 + 7?
3c95cc
In base 12, what is 4 - -4565266?
456526a
In base 4, what is -3 - 122232122330?
-122232122333
In base 16, what is 1 - 23f93?
-23f92
In base 12, what is 0 - -b015b15?
b015b15
In base 7, what is -116322 - -31413?
-54606
In base 6, what is 2505134 + 21152?
2530330
In base 13, what is 15c52 + ab32?
23a84
In base 4, what is 3 - 2101212203?
-2101212200
In base 11, what is 426 - 24a3?
-2078
In base 11, what is 18 + 1215175?
1215192
In base 9, what is -3804540503 - 2?
-3804540505
In base 9, what is 0 - 25134588?
-25134588
In base 6, what is 35022315 - 453?
35021422
In base 13, what is 66c0 + 674?
7064
In base 9, what is 440730 - 7?
440722
In base 12, what is ba298 + -330?
b9b68
In base 9, what is -148314 - 273?
-148587
In base 7, what is -51601455 - 3?
-51601461
In base 2, what is 100 + -101011001001001100000?
-101011001001001011100
In base 16, what is 771509 - -11?
77151a
In base 10, what is -11436320 + -1?
-11436321
In base 6, what is -1054014422 - 5?
-1054014431
In base 4, what is 1331 - 11312232?
-11310301
In base 3, what is 22121202021020 - 12002?
22121202002011
In base 9, what is -3 - 15506106?
-15506110
In base 7, what is -1055131262 - -5?
-1055131254
In base 15, what is 5 - b2ad42?
-b2ad3c
In base 15, what is 4 - -b8d545a?
b8d545e
In base 5, what is -1132303433 + 234?
-1132303144
In base 16, what is 1e + dac97c?
dac99a
In base 5, what is 41231444012 - -10?
41231444022
In base 10, what is 1179 + 1929?
3108
In base 6, what is -4 + -31054545?
-31054553
In base 9, what is 3 - -615015220?
615015223
In base 6, what is -10441 - -11402?
521
In base 5, what is -313302 + -12101?
-330403
In base 7, what is 23 + 1203524244?
1203524300
In base 16, what is 3 + -36958d4?
-36958d1
In base 2, what is -11100010 - 10000111000100001?
-10000111100000011
In base 5, what is -2 + -331443303400?
-331443303402
In base 8, what is -173033474 + 0?
-173033474
In base 12, what is 273969908 - 5?
273969903
In base 6, what is -312 + -5214410?
-5215122
In base 10, what is 29 + -3856848?
-3856819
In base 8, what is -17254 + 12244?
-5010
In base 9, what is 1466 - -440?
2016
In base 12, what is -73 - -92088?
92015
In base 2, what is -101 - -10011110000011100011?
10011110000011011110
In base 6, what is 1315122012 + -2?
1315122010
In base 2, what is -110 - 10100111110000111111?
-10100111110001000101
In base 12, what is a123 + -27a9?
7536
In base 14, what is 2 + -41659d?
-41659b
In base 2, what is -1000 - 101100000000111011100000100?
-101100000000111011100001100
In base 7, what is 5 + 201561052?
201561060
In base 5, what is 10 - -42132130441?
42132131001
In base 8, what is -137163442 - 0?
-137163442
In base 10, what is 1 - -7731715?
7731716
In base 5, what is 0 - -10211210023?
10211210023
In base 2, what is -101011011101010111111110 - -110?
-101011011101010111111000
In base 3, what is -1012 + 200022101120?
200022100101
In base 3, what is -11222221102201 - 0?
-11222221102201
In base 16, what is 5426b - 27?
54244
In base 11, what is 197073 - -91?
197154
In base 13, what is -54b + 4460?
3c12
In base 13, what is -282a5709 + -9?
-282a5715
In base 14, what is -c17 - -13da?
5c3
In base 15, what is -38c058 + 5e?
-38bee9
In base 6, what is -135 + 3013435?
3013300
In base 2, what is 101 + 10101010100001111100001?
10101010100001111100110
In base 9, what is 1 - 11605556?
-11605555
In base 10, what is 398 + 570751?
571149
In base 12, what is -5a - -103349?
1032ab
In base 16, what is 2 + 31d9c2c?
31d9c2e
In base 13, what is -b - -20bb015?
20bb007
In base 6, what is -52151 - -11415?
-40332
In base 3, what is -210010121122 + 110?
-210010121012
In base 14, what is -2 - -37cab8